e prime factors of 31521737.
13, 281, 8629
List the prime factors of 16472780.
2, 5, 31, 163
List the prime factors of 28880068.
2, 7, 1031431
List the prime factors of 137649042.
2, 3, 419, 18251
List the prime factors of 30584934.
2, 3, 41, 41443
List the prime factors of 328025500.
2, 5, 11, 19, 43, 73
What are the prime factors of 51018582?
2, 3, 821, 10357
List the prime factors of 2079888474.
2, 3, 37, 167, 56101
List the prime factors of 25405382.
2, 12702691
List the prime factors of 2724450151.
2724450151
What are the prime factors of 88205212?
2, 43, 512821
What are the prime factors of 288612546?
2, 3, 19, 2531689
List the prime factors of 10912267.
10912267
What are the prime factors of 32156652?
2, 3, 11, 59, 4129
What are the prime factors of 1456241677?
11, 1213, 109139
List the prime factors of 284595086.
2, 142297543
List the prime factors of 16156780.
2, 5, 83, 9733
What are the prime factors of 1754058172?
2, 61, 79, 90997
What are the prime factors of 3082013300?
2, 5, 17, 1812949
List the prime factors of 1847767262.
2, 11, 1879, 44699
What are the prime factors of 61020543?
3, 53, 383777
What are the prime factors of 6905630?
2, 5, 41, 16843
List the prime factors of 59432907.
3, 19810969
List the prime factors of 31626519.
3, 10542173
What are the prime factors of 1480191241?
17, 107, 151, 317
List the prime factors of 18594984.
2, 3, 774791
List the prime factors of 58093071.
3, 37, 337, 1553
List the prime factors of 286596445.
5, 23, 2492143
List the prime factors of 895184021.
103, 151, 57557
What are the prime factors of 189096685?
5, 23, 191, 8609
List the prime factors of 78013391.
17, 31, 179, 827
List the prime factors of 122101391.
19, 338231
What are the prime factors of 1784599387?
211, 263, 32159
List the prime factors of 3109323973.
7, 444189139
What are the prime factors of 289983503?
9949, 29147
List the prime factors of 452853667.
7, 17, 1097, 3469
What are the prime factors of 235902088?
2, 29487761
What are the prime factors of 622615493?
4793, 129901
List the prime factors of 51366379.
51366379
What are the prime factors of 1502339451?
3, 1009, 496313
List the prime factors of 161147273.
7, 43, 191, 2803
What are the prime factors of 36768659?
89, 127, 3253
List the prime factors of 34846126.
2, 7, 647, 3847
List the prime factors of 3013958067.
3, 17, 313, 349, 541
What are the prime factors of 3956703510?
2, 3, 5, 131890117
What are the prime factors of 22399045?
5, 4479809
List the prime factors of 936936866.
2, 37, 1193, 10613
List the prime factors of 493229105.
5, 98645821
List the prime factors of 385141226.
2, 11981, 16073
List the prime factors of 1749132027.
3, 43, 4519721
List the prime factors of 95704796.
2, 11, 2175109
List the prime factors of 465061.
465061
List the prime factors of 230238524.
2, 47, 1224673
List the prime factors of 285551693.
7, 23, 1773613
List the prime factors of 6104546853.
3, 109, 18668339
What are the prime factors of 285031373?
11, 25911943
What are the prime factors of 417680871?
3, 17, 1787, 4583
List the prime factors of 74819861.
74819861
List the prime factors of 1256763406.
2, 41, 199, 77017
What are the prime factors of 486450338?
2, 11, 3517, 6287
List the prime factors of 6924249589.
6924249589
What are the prime factors of 2895727557?
3, 53, 18212123
What are the prime factors of 41609707?
1279, 32533
List the prime factors of 1206484619.
23, 5351, 9803
What are the prime factors of 143980882?
2, 29, 85601
List the prime factors of 1251815478.
2, 3, 208635913
List the prime factors of 7292913941.
7292913941
What are the prime factors of 101199980?
2, 5, 7, 17, 101, 421
List the prime factors of 63405721.
41, 269, 5749
What are the prime factors of 2727945945?
3, 5, 2245223
List the prime factors of 604940339.
604940339
List the prime factors of 615608989.
615608989
What are the prime factors of 819282209?
819282209
List the prime factors of 140688563.
140688563
List the prime factors of 2681163.
3, 297907
What are the prime factors of 104577581?
89, 1175029
List the prime factors of 518554542.
2, 3, 11, 7856887
List the prime factors of 3591531876.
2, 3, 71, 4215413
What are the prime factors of 22979282?
2, 11489641
What are the prime factors of 2173159119?
3, 73, 9923101
What are the prime factors of 896960998?
2, 353, 1270483
What are the prime factors of 33142345?
5, 131, 50599
List the prime factors of 1164361500.
2, 3, 5, 86249
List the prime factors of 92311475.
5, 101, 36559
List the prime factors of 926842515.
3, 5, 19, 41, 79319
List the prime factors of 238351976.
2, 59, 504983
List the prime factors of 44665353.
3, 593, 8369
What are the prime factors of 12939316?
2, 13, 19141
List the prime factors of 3525446104.
2, 911, 483733
What are the prime factors of 461389537?
7, 17, 67, 1181
List the prime factors of 31479657.
3, 11, 953929
List the prime factors of 70043376.
2, 3, 13, 112249
List the prime factors of 23044579.
23044579
List the prime factors of 34882442.
2, 7, 19, 71, 1847
List the prime factors of 34786106.
2, 73, 238261
List the prime factors of 46278207.
3, 401, 12823
What are the prime factors of 1244442086?
2, 41, 103, 147341
What are the prime factors of 67061703?
3, 22353901
What are the prime factors of 131197756?
2, 269, 121931
What are the prime factors of 908891609?
908891609
List the prime factors of 2261510817.
3, 23143, 32573
List the prime factors of 2710904908.
2, 79, 569, 15077
What are the prime factors of 2671203642?
2, 3, 17, 59, 443869
What are the prime factors of 693071756?
2, 13, 103, 129401
What are the prime factors of 5425620431?
7, 11, 17, 107, 38737
What are the prime factors of 936805665?
3, 5, 1913, 32647
List the prime factors of 103954301.
11, 19, 497389
List the prime factors of 435431915.
5, 307, 283669
List the prime factors of 323129981.
137, 1361, 1733
What are the prime factors of 33389415?
3, 5, 27481
What are the prime factors of 524922778?
2, 262461389
What are the prime factors of 174041929?
174041929
What are the prime factors of 4636681499?
239, 19400341
List the prime factors of 288074027.
17, 53, 319727
What are the prime factors of 469590542?
2, 31, 7574041
List the prime factors of 117296932.
2, 31, 945943
List the prime factors of 694911621.
3, 1447, 160081
What are the prime factors of 757472828?
2, 7, 109, 248189
List the prime factors of 993701003.
293, 3391471
List the prime factors of 230307442.
2, 107, 1076203
List the prime factors of 1200852011.
23, 643, 81199
What are the prime factors of 183333152?
2, 5729161
What are the prime factors of 3787712256?
2, 3, 4931917
What are the prime factors of 3301844775?
3, 5, 977, 45061
List the prime factors of 407257417.
7, 1229, 47339
List the prime factors of 66851397.
3, 7427933
What are the prime factors of 506228714?
2, 253114357
What are the prime factors of 1293053672?
2, 73, 79, 28027
What are the prime factors of 2459317476?
2, 3, 7, 11, 1279, 2081
What are the prime factors of 68608173?
3, 22869391
List the prime factors of 27452238.
2, 3, 11, 37813
What are the prime factors of 625783076?
2, 1783, 87743
List the prime factors of 2015755443.
3, 13, 23, 19207
What are the prime factors of 90983812?
2, 107, 212579
List the prime factors of 73720131.
3, 24573377
List the prime factors of 1720299486.
2, 3, 16411, 17471
List the prime factors of 2856721219.
11, 259701929
List the prime factors of 31605224.
2, 7, 71, 7949
List the prime factors of 2354974427.
13, 31, 5843609
What are the prime factors of 161271012?
2, 3, 7, 19, 37, 2731
What are the prime factors of 199966662?
2, 3, 7, 61, 26017
What are the prime factors of 64480894?
2, 2909, 11083
What are the prime factors of 162413640?
2, 3, 5, 150383
What are the prime factors of 1691486393?
29, 311, 187547
What are the prime factors of 3153321623?
43, 3613, 20297
What are the prime factors of 5831199?
3, 11, 58901
What are the prime factors of 111665672?
2, 13958209
What are the prime factors of 1499578844?
2, 374894711
List the prime factors of 566943554.
2, 283471777
List the prime factors of 35606133.
3, 19, 208223
What are the prime factors of 66857069?
2801, 23869
What are the prime factors of 399091516?
2, 4691, 21269
What are the prime factors of 266745347?
11